e 5, what is 1321 + -2031?
-210
In base 12, what is -27 - 3186?
-31b1
In base 14, what is -3 + -598c?
-5991
In base 7, what is 15546400 + 3?
15546403
In base 8, what is -1046 - 10334?
-11402
In base 7, what is 1162106 + 15?
1162124
In base 14, what is -37 + -249?
-282
In base 6, what is -5341344 - 20?
-5341404
In base 9, what is -12282 + -30?
-12322
In base 8, what is 51 + -461?
-410
In base 13, what is -15 - -5052?
503a
In base 6, what is 23 + 111151?
111214
In base 13, what is 401 - 6?
3c8
In base 4, what is -12000 - 231?
-12231
In base 6, what is -2050 - -215?
-1431
In base 4, what is -123301302 + 222?
-123301020
In base 11, what is 1a + -a87?
-a68
In base 10, what is 4972237 + 2?
4972239
In base 15, what is b828 - 0?
b828
In base 10, what is -660 + 525?
-135
In base 3, what is 1 + 110110001?
110110002
In base 14, what is -33c7 - 3?
-33ca
In base 13, what is -178a70 + 4?
-178a69
In base 12, what is -10 - -602?
5b2
In base 4, what is -2120202332 - 1?
-2120202333
In base 11, what is 30 + -17a9?
-1779
In base 7, what is 2 - 565305?
-565303
In base 10, what is -20 + -106250?
-106270
In base 12, what is -a77a6 - 1?
-a77a7
In base 3, what is -10001102012 - -100?
-10001101212
In base 9, what is 164 + -3242?
-3067
In base 14, what is 76 - 6d?
7
In base 9, what is -31 - 45061?
-45102
In base 10, what is -35 - 45365?
-45400
In base 9, what is 4583 - -21?
4614
In base 3, what is -10200 + 102222?
22022
In base 15, what is -49 + 553?
509
In base 12, what is -3 - -1353?
1350
In base 5, what is -140 - 320212?
-320402
In base 2, what is 10101 - 10010010?
-1111101
In base 15, what is -10 - -3362?
3352
In base 2, what is 10000 + -101010000000111?
-101001111110111
In base 15, what is 5 + -4550?
-454a
In base 4, what is 10330120 - 10213?
10313301
In base 14, what is -13bc1 + 1?
-13bc0
In base 15, what is 3 - -7051c?
70520
In base 5, what is -10 + -3024012?
-3024022
In base 6, what is 1 - -105323?
105324
In base 9, what is 3 - 8723?
-8720
In base 10, what is -1 - -1182?
1181
In base 14, what is 0 - 1a54?
-1a54
In base 6, what is -1045 - -1?
-1044
In base 5, what is -214 + -41023?
-41242
In base 12, what is -21 + -2b211?
-2b232
In base 7, what is -4541453 - 5?
-4541461
In base 9, what is -1512753 + -3?
-1512756
In base 7, what is 353 + -14?
336
In base 8, what is 7215 + -374?
6621
In base 10, what is -3 + -240223?
-240226
In base 10, what is -765 + -146?
-911
In base 14, what is -a18b + 4?
-a187
In base 7, what is 4 - 2055312?
-2055305
In base 14, what is -16b + -9471?
-95dc
In base 4, what is 0 - -3231?
3231
In base 14, what is 4 - 1db0?
-1daa
In base 15, what is -507a7 + -4?
-507ab
In base 10, what is 1469 + -18?
1451
In base 6, what is 5540 + -424?
5112
In base 6, what is -322 - 4130?
-4452
In base 3, what is 2111100 + -11?
2111012
In base 12, what is 19 + 3a89?
3aa6
In base 12, what is 5 - -9490?
9495
In base 9, what is -74 - 140165?
-140250
In base 16, what is -3 + -7164e?
-71651
In base 13, what is -19 - -8aa?
891
In base 7, what is 2242504 - -1?
2242505
In base 4, what is -11 + -1113032102?
-1113032113
In base 4, what is -203321232 + 11?
-203321221
In base 15, what is 15e73 - 5?
15e6d
In base 6, what is -3 + 12255?
12252
In base 12, what is 692 + 76?
748
In base 6, what is -22 - 35044?
-35110
In base 11, what is 33522 + -1?
33521
In base 8, what is 3 - 1214?
-1211
In base 5, what is -11 + -13020400?
-13020411
In base 7, what is 25322 + 336?
25661
In base 2, what is 10111 - -10100000?
10110111
In base 4, what is -1 + 23120302?
23120301
In base 8, what is 2231 - -16?
2247
In base 16, what is -427 + -124?
-54b
In base 12, what is -8b9 - 17?
-914
In base 13, what is -93 - 56c8?
-578b
In base 16, what is 43de - 7?
43d7
In base 2, what is 11001 - -101100011100?
101100110101
In base 2, what is 1011110100 - 10000011011?
-100100111
In base 16, what is -14 + -1533e?
-15352
In base 8, what is 45252 + 2?
45254
In base 6, what is -3434545 - -2?
-3434543
In base 6, what is -332210 + -12?
-332222
In base 16, what is b - -111e?
1129
In base 4, what is -132013100 - -2?
-132013032
In base 6, what is -4 + -2010431?
-2010435
In base 2, what is -1 + 10010011100000?
10010011011111
In base 10, what is 0 - -6470?
6470
In base 16, what is 24 - -d2a2?
d2c6
In base 3, what is -21200221 + 201?
-21200020
In base 16, what is 11641 + -4?
1163d
In base 12, what is 8 + -882?
-876
In base 16, what is 1 + -89f9?
-89f8
In base 8, what is -4067 + -250?
-4337
In base 5, what is 20334041 + 1?
20334042
In base 4, what is 10303323 - 1?
10303322
In base 4, what is -213223 + 1023?
-212200
In base 4, what is -11 - 1013232?
-1013303
In base 6, what is -2 - 2112133?
-2112135
In base 15, what is -3 - bccc4?
-bccc7
In base 4, what is 12 - -2032303?
2032321
In base 3, what is -20200 + 120111?
22211
In base 12, what is -11 - 10473?
-10484
In base 2, what is -11111 - 100001101?
-100101100
In base 8, what is 4 + -101537?
-101533
In base 13, what is 8 - 7847?
-783c
In base 3, what is -11 + -1020211200?
-1020211211
In base 5, what is 10 + 140323?
140333
In base 7, what is 1403 - 3014?
-1311
In base 4, what is 2 + -32320313?
-32320311
In base 4, what is -13 - 221031?
-221110
In base 10, what is -27 - 5150?
-5177
In base 14, what is b13a + 3?
b13d
In base 14, what is -4842 - -1?
-4841
In base 10, what is -2 + 8349?
8347
In base 10, what is -122953 + -3?
-122956
In base 10, what is 39 - -24299?
24338
In base 2, what is -10111100000 + 111011101110?
100100001110
In base 11, what is 0 + 1a960?
1a960
In base 6, what is 42 - 510?
-424
In base 12, what is -31 - 8733?
-8764
In base 10, what is 46 + -32466?
-32420
In base 5, what is -10 - -234241010?
234241000
In base 14, what is -40 + -d327?
-d367
In base 10, what is -3 + -43315?
-43318
In base 10, what is -41 + 16938?
16897
In base 8, what is 101 - 22441?
-22340
In base 11, what is -108 - 2a83?
-3090
In base 3, what is -112011122 + -11210?
-112100102
In base 8, what is 15734 + -1?
15733
In base 14, what is -d42 + 3?
-d3d
In base 9, what is -1082 - 36?
-1128
In base 12, what is -1 + -139?
-13a
In base 6, what is 0 + -2030153?
-2030153
In base 4, what is 200020 - 303?
133111
In base 15, what is 69b8c + -7?
69b85
In base 12, what is -3 + -79a14?
-79a17
In base 14, what is -3 - 1ca8?
-1cab
In base 12, what is 2927b + 38?
292b7
In base 12, what is 3409 + -1?
3408
In base 2, what is -111 - -1110001111110?
1110001110111
In base 16, what is 99 + -225?
-18c
In base 9, what is -767 + -14?
-782
In base 2, what is -101101000100 - -1000010?
-101100000010
In base 3, what is 2201222000 + 2?
2201222002
In base 16, what is -f906 - -3?
-f903
In base 10, what is 75 - 202?
-127
In base 10, what is 15858 + 4?
15862
In base 12, what is 2 + -35032b?
-350329
In base 11, what is 38 - 579?
-541
In base 15, what is -26176 + -2?
-26178
In base 14, what is cc - -39c?
48a
In base 8, what is -3676205 - 1?
-3676206
In base 8, what is 7010 - 113?
6675
In base 5, what is -104144 - 3021?
-112220
In base 10, what is 6 + -10041?
-10035
In base 2, what is 11000100100 + 10011?
11000110111
In base 12, what is -41021 + 4?
-41019
In base 12, what is -1b90b + 107?
-1b804
In base 3, what is -1 - -2022011121?
2022011120
In base 10, what is -578 - -33?
-545
In base 15, what is -1e + -d39?
-d58
In base 15, what is -b8 + -1944?
-1a0c
In base 7, what is 306640 - 3?
306634
In base 6, what is 3 - -313212?
313215
In base 3, what is -21012120 + -21202?
-21111022
In base 10, what is -10 + 314?
304
In base 5, what is 23 + 3242142?
3242220
In base 4, what is 133 + -3132231?
-3132032
In base 6, what is 33 - -4544?
5021
In base 11, what is -940 + -7?
-947
In base 2, what is 1001011111011011100 - -1?
1001011111011011101
In base 7, what is -1 + 250551?
250550
In base 6, what is -43305 - 4?
-43313
In base 16, what is -83 - -39bc?
3939
In base 16, what is 1dfdc - -2?
1dfde
In base 12, what is 115 - -18b?
2a4
In base 6, what is 4 - 13011525?
-13011521
In base 16, what is -4 + -568ef?
-568f3
In base 9, what is 5 - 1408713?
-1408707
In base 3, what is 1210210 + 12?
1210222
In base 6, what is 203250 - 220?
203030
In base 5, what is 13 - 1103241?
-1103223
In base 16, what is 1 + 88c34?
88c35
In base 5, what is -11223202 - 24?
-11223231
In base 12, what is -110678 - -3?
-110675
In base 15, what is d419 + 7?
d421
In base 6, what 